uppose 5 = -7*u - 23. Let p(q) = -2*q**3 - 5*q**2 - 6*q - 14. What is the remainder when p(u) is divided by 22?
14
Let x(j) = j**3 + 10*j**2 - 48*j + 43. What is the remainder when x(-13) is divided by 58?
44
Suppose 0 = c + 4*h - 135, -27*h + 22*h + 255 = 2*c. Calculate the remainder when c is divided by 33.
16
Let y = -13 + 15. Suppose -9 = 3*c, 0 = y*t - 2*c - 2*c - 14. Suppose -l + 6 = t. Calculate the remainder when 14 is divided by l.
4
Suppose -4*l = t - 8, -l + 10*t - 5*t = -23. Let b(w) = -w**3 - 8*w**2 - 10*w - 8. Calculate the remainder when b(-7) is divided by l.
1
Suppose -4668 = -23*g + 2853. Calculate the remainder when g is divided by 22.
19
Let h = -5 - -16. Let l be 3*(2 + -3) - -3. Suppose 3*d + 4*w = -d + 76, l = -5*d + w + 107. What is the remainder when d is divided by h?
10
Suppose 38*h - 584 = 2418. What is the remainder when h is divided by 11?
2
Suppose 3*o = -5*l + 224, -22*o - l = -19*o - 232. Calculate the remainder when 86 is divided by o.
8
Suppose -5*s - 8 = -7*s. Let n = s - 0. Suppose -y + 16 = 3*z, -n*z + 13 = -3. Calculate the remainder when y is divided by 2.
0
Suppose -4*d = 3*a - 23, 0 - 1 = d. Let t = 20 - 14. What is the remainder when a is divided by t?
3
Let x = 25 - -54. Suppose -2*p = -4*j - j - x, 0 = 2*j + 10. Calculate the remainder when p is divided by 15.
12
Suppose -57 = -5*b - 5*f + 2*f, -3*b + 4*f = -40. Calculate the remainder when 37 is divided by b.
1
Suppose 38 = 4*r - 58. Suppose 2*c + 13*u = 17*u + 168, 444 = 5*c - 4*u. What is the remainder when c is divided by r?
20
Let g = 118 + -72. Let o(x) = -x**2 - 5*x + 13. Calculate the remainder when g is divided by o(0).
7
Let k = -67 - -71. Suppose -3*x - 33 = -k*x. What is the remainder when x is divided by 13?
7
Suppose -3*i = 3*v - 294, 46 = v - 2*i - 43. Let n = v - 45. What is the remainder when n is divided by (-36)/(-2) - (-4)/(0 + -4)?
16
Suppose 45 = 2*z - 35. Suppose x - z = -23. Let c(y) = -y**3 - 4*y**2 + 5*y + 6. Calculate the remainder when x is divided by c(-5).
5
Let u(a) = 1 + 2*a**3 - a**2 - a**3 - 3*a - 6*a**3. What is the remainder when u(-2) is divided by 24?
19
What is the remainder when 667 is divided by 0 + -1 + 5 + (99 - 36)?
64
Suppose 4*p + 5*g = 206, -167 = -5*p + 2*g + 107. Calculate the remainder when 139 is divided by p.
31
Calculate the remainder when 414 is divided by (52/5)/(6/15).
24
Let d(b) = -11*b + 96 + 140 - 288. What is the remainder when d(-6) is divided by 3?
2
Let m = 84 + -69. Calculate the remainder when 241 is divided by 6 - (-819)/m - (-4)/10.
58
Let k = -12 + 16. Suppose k*p + 25 + 10 = 5*a, p + 28 = 3*a. What is the remainder when 65 is divided by a?
10
Suppose -20*w = 26*w - 6946. What is the remainder when w is divided by 58?
35
Let x be 6*-1*10/(-4). Suppose -p = 10 - x. Let u(b) = 6*b - 8. Calculate the remainder when 86 is divided by u(p).
20
Suppose -401*u + 426*u = 1200. Calculate the remainder when 157 is divided by u.
13
Let j(g) = -17*g + 5. Let m be j(2). Let r = 34 + m. Suppose -2*d = -3*o - 22, -3*d + 2*o = 7*o - 14. What is the remainder when d is divided by r?
3
Suppose 3*s - 2*c - 106 = -2*s, -2*c = s - 14. What is the remainder when s is divided by 3?
2
Suppose 0 = -22*k + 17*k + 10. Suppose -z + 3 = 3*h, -k*h + 30 = 5*z - 50. Calculate the remainder when z is divided by 5.
3
Let u = 48 - 24. Suppose 2*b - 15 = -3*b. Suppose 29 = h + 5*s, -5*h + 65 = 2*s + b*s. What is the remainder when u is divided by h?
6
Suppose -3*t + 204 = -0*p - 4*p, 3*t = 0. Let m = 48 - p. Calculate the remainder when m is divided by 17.
14
Suppose -5*n + 3*k = -k - 220, -3*k = -2*n + 95. Suppose 5*o - 22*o + 357 = 0. Calculate the remainder when n is divided by o.
19
Suppose 4*a + 20 = x, -32 - 28 = -3*x + 5*a. What is the remainder when 169 is divided by x?
9
What is the remainder when 714 is divided by ((-722)/(-152) - (-3)/(-4)) + 51?
54
Let w = 548 + -531. Calculate the remainder when w is divided by 8.
1
Suppose -l = -2*f + 182 - 622, -4*l + 1745 = -5*f. What is the remainder when l is divided by 15?
10
Suppose -101*y + 96 = -93*y. Calculate the remainder when 79 is divided by y.
7
What is the remainder when (-145)/(-10) - 1/2 is divided by (7/((-140)/25))/((-1)/4)?
4
Let i = -144 + 166. What is the remainder when i is divided by 8?
6
Let k(d) = d - 3*d**2 - 1 - d**2 - 2*d**3 - 6*d - d**2. What is the remainder when 36 is divided by k(-3)?
13
Suppose -16*k = -142 - 34. Calculate the remainder when 669 is divided by k.
9
Let h(t) = 7*t**3 - 3*t**2 - 4*t + 2. What is the remainder when h(3) is divided by -4*2/(-12) - 1001/(-33)?
28
Suppose -l - 62 + 175 = 0. Suppose 0 = -5*g - 4*t + l, 2*t - 6*t = -8. What is the remainder when (-240)/(-200)*130/4 is divided by g?
18
Let g be 24/9 - 5/(-15). Suppose 174 = 2*f + x, x + 1 = -g. Calculate the remainder when f is divided by 23.
20
Let u be ((-25)/(-5))/(-5)*-138. Let x = u - 114. What is the remainder when 47 is divided by x?
23
Let q be (-37 + 4)/(6/4). Let m(f) = f**3 + 21*f**2 - 21*f + 34. What is the remainder when 19 is divided by m(q)?
7
Let d = -17 - -43. Calculate the remainder when d is divided by (-6)/(-27) - (-237)/27.
8
Suppose -5*t + 25 = 0, -3*t + 10 + 225 = -5*k. Let p = k + 65. What is the remainder when 99 is divided by p?
15
Let h(z) = -3*z**2 + 3*z + 1. Let l be h(1). Let s = l + 3. Let y(j) = 2*j**2 + 3*j - 1. What is the remainder when y(2) is divided by s?
1
Let w(i) = -11*i**3 - i**2. Suppose 15*o - 2 = 14*o. Suppose 12 = o*u - 0. What is the remainder when w(-1) is divided by u?
4
Let h = 1186 + -1123. What is the remainder when h is divided by 46?
17
Let b(w) = w**2 + 5*w - 6. Let v be b(-6). Let o(h) = -h - 7*h - h**2 + 7 + 0*h + v*h. What is the remainder when o(-6) is divided by 5?
4
Suppose -90 = -4*v - 26. What is the remainder when (4/(-3))/((-16)/552) is divided by v?
14
Let j = 75 - 22. Suppose 3*o = c - 22, -3*o = -2*c - c + 96. Suppose 3*d - c = j. Calculate the remainder when 89 is divided by d.
29
Let k(b) = b**3 + 6*b**2 + 3*b - 1. Let r = -19 + 44. Suppose -r + 15 = 2*m. Calculate the remainder when 33 is divided by k(m).
6
Let i(w) = 160*w - 45. Calculate the remainder when i(1) is divided by -1*18*(-5)/3.
25
Let f(o) = -o**3 + 9*o**2 - 12*o - 2. What is the remainder when 225 is divided by f(7)?
9
Calculate the remainder when 318 is divided by ((-85)/(-68))/((-2)/(-32)).
18
Let f(v) = v**3 + 3*v**2 - v + 3. Suppose -13*a = -17*a + 128. Calculate the remainder when a is divided by f(-3).
2
Let g be (8 + -1)/((-5)/5). Let c be 1/g + 990/21. Let l = c + -33. Calculate the remainder when l is divided by 8.
6
What is the remainder when (-56)/42 - (-399)/9 is divided by 8?
3
Let x = 21 + -19. Suppose 0 = x*q + 21 - 131. Calculate the remainder when (-4)/(-12)*(q + -1) is divided by 10.
8
Let x = -1169 - -1241. Calculate the remainder when 215 is divided by x.
71
Let q(h) = 13*h - 5 + 4 - h**2 + 8. What is the remainder when q(6) is divided by 17?
15
Suppose -p + 17 = 2. Suppose n + 11 = 4*t, -t + 74 = -9*n + 5*n. Let u = -10 - n. What is the remainder when p is divided by u?
6
Let w = 1 - -8. Let d = -29 + 25. What is the remainder when 29 is divided by d + (w + 4 - 3)?
5
Let a = 224 + -149. Calculate the remainder when a is divided by 42.
33
Suppose 4*l + 10 - 26 = 0. Let g be (-2 + 1)*(-12 - l). Let u = 62 - g. Calculate the remainder when u is divided by 16.
14
Let q(c) = 2*c + 9. Suppose -139*t + 63 = -132*t. Calculate the remainder when q(8) is divided by t.
7
Let k = -467 + 478. Calculate the remainder when 703 is divided by k.
10
Let q(d) = -d + 10. Let w be q(6). Suppose 5*r = w + 141. Suppose 93 = -12*b + 189. Calculate the remainder when r is divided by b.
5
Let o(j) = -j**2 + 58*j - 199. Calculate the remainder when 458 is divided by o(53).
62
Suppose 2*w + 3*k = -27 + 4, w - 4*k + 28 = 0. Let r = -23 + 51. Calculate the remainder when (w + r)/(4/26) is divided by 20.
18
Let v = -305 + 398. Suppose 0*r = -r + 3*n + 10, 5*n = 15. Calculate the remainder when v is divided by r.
17
Let w = 132 + 165. What is the remainder when w is divided by 6?
3
Let o be (-3 - -73)*12/24. Calculate the remainder when 70 is divided by 615/o - (-3)/7.
16
Let k = 14 + 0. Suppose 3*g + 2*d = d + 11, -5*d = 5. Calculate t